{"id":39,"date":"2024-09-11T13:45:27","date_gmt":"2024-09-11T11:45:27","guid":{"rendered":"http:\/\/www.lesateliersandcie.fr\/?page_id=39"},"modified":"2024-11-05T22:08:38","modified_gmt":"2024-11-05T21:08:38","slug":"latelier-des-photographes","status":"publish","type":"page","link":"https:\/\/www.lesateliersandcie.fr\/index.php\/latelier-des-photographes\/","title":{"rendered":"LA PHOTOGRAPHIE"},"content":{"rendered":"\t\t<div data-elementor-type=\"wp-page\" data-elementor-id=\"39\" class=\"elementor elementor-39\" data-elementor-post-type=\"page\">\n\t\t\t\t<div class=\"elementor-element elementor-element-40958d2 e-flex e-con-boxed e-con e-parent\" data-id=\"40958d2\" data-element_type=\"container\" data-e-type=\"container\">\n\t\t\t\t\t<div class=\"e-con-inner\">\n\t\t\t\t<div class=\"elementor-element elementor-element-0e18850 elementor-widget elementor-widget-image\" data-id=\"0e18850\" data-element_type=\"widget\" data-e-type=\"widget\" data-widget_type=\"image.default\">\n\t\t\t\t<div class=\"elementor-widget-container\">\n\t\t\t\t\t\t\t\t\t\t\t\t\t\t\t<img fetchpriority=\"high\" decoding=\"async\" width=\"300\" height=\"194\" src=\"https:\/\/www.lesateliersandcie.fr\/wp-content\/uploads\/2024\/09\/logo-300x194.jpg\" class=\"attachment-medium size-medium wp-image-89\" alt=\"\" srcset=\"https:\/\/www.lesateliersandcie.fr\/wp-content\/uploads\/2024\/09\/logo-300x194.jpg 300w, https:\/\/www.lesateliersandcie.fr\/wp-content\/uploads\/2024\/09\/logo-768x497.jpg 768w, https:\/\/www.lesateliersandcie.fr\/wp-content\/uploads\/2024\/09\/logo.jpg 1004w\" sizes=\"(max-width: 300px) 100vw, 300px\" \/>\t\t\t\t\t\t\t\t\t\t\t\t\t\t\t<\/div>\n\t\t\t\t<\/div>\n\t\t\t\t\t<\/div>\n\t\t\t\t<\/div>\n\t\t<div class=\"elementor-element elementor-element-1b1d7f6 e-flex e-con-boxed e-con e-parent\" data-id=\"1b1d7f6\" data-element_type=\"container\" data-e-type=\"container\">\n\t\t\t\t\t<div class=\"e-con-inner\">\n\t\t<div class=\"elementor-element elementor-element-3837b50 e-con-full e-flex e-con e-child\" data-id=\"3837b50\" data-element_type=\"container\" data-e-type=\"container\">\n\t\t\t\t<div class=\"elementor-element elementor-element-0b9e5fe elementor-widget elementor-widget-text-editor\" data-id=\"0b9e5fe\" data-element_type=\"widget\" data-e-type=\"widget\" data-widget_type=\"text-editor.default\">\n\t\t\t\t<div class=\"elementor-widget-container\">\n\t\t\t\t\t\t\t\t\t<p class=\"anim\" style=\"box-sizing: inherit; margin: 10px auto; letter-spacing: 1.4px; line-height: 2em; position: relative; opacity: 1; transform: translate(0px); transition: all 0.9s cubic-bezier(0.23, 1, 0.32, 1) 0s; max-width: 60rem; caret-color: #0a0a0a; color: #0a0a0a; font-family: Montserrat, sans-serif; font-size: 14px;\">Fran\u00e7ois, photographe dot\u00e9 d\u2019une exp\u00e9rience de plus d\u2019une quinzaine d\u2019ann\u00e9es vous accompagne sur vos \u00e9v\u00e9nements mariage, s\u00e9ance photo en famille.\u00a0<\/p><p class=\"anim\" style=\"box-sizing: inherit; margin: 10px auto; letter-spacing: 1.4px; line-height: 2em; position: relative; opacity: 1; transform: translate(0px); transition: all 0.9s cubic-bezier(0.23, 1, 0.32, 1) 0s; max-width: 60rem; caret-color: #0a0a0a; color: #0a0a0a; font-family: Montserrat, sans-serif; font-size: 14px;\">Calme, discret, cr\u00e9atif et attentif aux moindres d\u00e9tails, il sait immortaliser vos instants de vie, de joie et d\u2019\u00e9motion qui resteront \u00e0 jamais couch\u00e9s sur le papier.\u00a0<\/p><p class=\"anim\" style=\"box-sizing: inherit; margin: 10px auto; letter-spacing: 1.4px; line-height: 2em; position: relative; opacity: 1; transform: translate(0px); transition: all 0.9s cubic-bezier(0.23, 1, 0.32, 1) 0s; max-width: 60rem; caret-color: #0a0a0a; color: #0a0a0a; font-family: Montserrat, sans-serif; font-size: 14px;\">Sp\u00e9cialis\u00e9s dans la photographie de mariage et de studio, ma force est ma volont\u00e9 de\u00a0restituer des photos naturelles. Pas de photos pos\u00e9es! Laissez vous porter par le moment et je saurais capturer ces instants.<\/p>\t\t\t\t\t\t\t\t<\/div>\n\t\t\t\t<\/div>\n\t\t\t\t<\/div>\n\t\t<div class=\"elementor-element elementor-element-97ca0a1 e-con-full e-flex e-con e-child\" data-id=\"97ca0a1\" data-element_type=\"container\" data-e-type=\"container\">\n\t\t\t\t<div class=\"elementor-element elementor-element-2614730 elementor-widget elementor-widget-image\" data-id=\"2614730\" data-element_type=\"widget\" data-e-type=\"widget\" data-widget_type=\"image.default\">\n\t\t\t\t<div class=\"elementor-widget-container\">\n\t\t\t\t\t\t\t\t\t\t\t\t\t\t\t<img decoding=\"async\" width=\"683\" height=\"1024\" src=\"https:\/\/www.lesateliersandcie.fr\/wp-content\/uploads\/2024\/09\/MA-3890-2-683x1024.jpg\" class=\"attachment-large size-large wp-image-101\" alt=\"\" srcset=\"https:\/\/www.lesateliersandcie.fr\/wp-content\/uploads\/2024\/09\/MA-3890-2-683x1024.jpg 683w, https:\/\/www.lesateliersandcie.fr\/wp-content\/uploads\/2024\/09\/MA-3890-2-200x300.jpg 200w, https:\/\/www.lesateliersandcie.fr\/wp-content\/uploads\/2024\/09\/MA-3890-2-768x1152.jpg 768w, https:\/\/www.lesateliersandcie.fr\/wp-content\/uploads\/2024\/09\/MA-3890-2-1024x1536.jpg 1024w, https:\/\/www.lesateliersandcie.fr\/wp-content\/uploads\/2024\/09\/MA-3890-2-1366x2048.jpg 1366w, https:\/\/www.lesateliersandcie.fr\/wp-content\/uploads\/2024\/09\/MA-3890-2-1140x1710.jpg 1140w, https:\/\/www.lesateliersandcie.fr\/wp-content\/uploads\/2024\/09\/MA-3890-2.jpg 1537w\" sizes=\"(max-width: 683px) 100vw, 683px\" \/>\t\t\t\t\t\t\t\t\t\t\t\t\t\t\t<\/div>\n\t\t\t\t<\/div>\n\t\t\t\t<\/div>\n\t\t\t\t\t<\/div>\n\t\t\t\t<\/div>\n\t\t<div class=\"elementor-element elementor-element-bb9b745 e-flex e-con-boxed e-con e-parent\" data-id=\"bb9b745\" data-element_type=\"container\" data-e-type=\"container\">\n\t\t\t\t\t<div class=\"e-con-inner\">\n\t\t<div class=\"elementor-element elementor-element-c73e897 e-con-full e-flex e-con e-child\" data-id=\"c73e897\" data-element_type=\"container\" data-e-type=\"container\">\n\t\t\t\t<div class=\"elementor-element elementor-element-2a885be elementor-widget elementor-widget-text-editor\" data-id=\"2a885be\" data-element_type=\"widget\" data-e-type=\"widget\" data-widget_type=\"text-editor.default\">\n\t\t\t\t<div class=\"elementor-widget-container\">\n\t\t\t\t\t\t\t\t\t<h3><strong>Mariage<\/strong><\/h3>\t\t\t\t\t\t\t\t<\/div>\n\t\t\t\t<\/div>\n\t\t\t\t<\/div>\n\t\t<div class=\"elementor-element elementor-element-f083f60 e-con-full e-flex e-con e-child\" data-id=\"f083f60\" data-element_type=\"container\" data-e-type=\"container\">\n\t\t\t\t<div class=\"elementor-element elementor-element-122b4dc elementor-widget elementor-widget-text-editor\" data-id=\"122b4dc\" data-element_type=\"widget\" data-e-type=\"widget\" data-widget_type=\"text-editor.default\">\n\t\t\t\t<div class=\"elementor-widget-container\">\n\t\t\t\t\t\t\t\t\t<h3><strong>Studio<\/strong><\/h3>\t\t\t\t\t\t\t\t<\/div>\n\t\t\t\t<\/div>\n\t\t\t\t<\/div>\n\t\t\t\t\t<\/div>\n\t\t\t\t<\/div>\n\t\t<div class=\"elementor-element elementor-element-3b3d624 e-flex e-con-boxed e-con e-parent\" data-id=\"3b3d624\" data-element_type=\"container\" data-e-type=\"container\">\n\t\t\t\t\t<div class=\"e-con-inner\">\n\t\t\t\t<div class=\"elementor-element elementor-element-91d1c4a elementor-widget elementor-widget-spacer\" data-id=\"91d1c4a\" data-element_type=\"widget\" data-e-type=\"widget\" data-widget_type=\"spacer.default\">\n\t\t\t\t<div class=\"elementor-widget-container\">\n\t\t\t\t\t\t\t<div class=\"elementor-spacer\">\n\t\t\t<div class=\"elementor-spacer-inner\"><\/div>\n\t\t<\/div>\n\t\t\t\t\t\t<\/div>\n\t\t\t\t<\/div>\n\t\t\t\t\t<\/div>\n\t\t\t\t<\/div>\n\t\t<div class=\"elementor-element elementor-element-8ae03e5 e-con-full e-flex e-con e-parent\" data-id=\"8ae03e5\" data-element_type=\"container\" data-e-type=\"container\">\n\t\t\t\t<div class=\"elementor-element elementor-element-77ba27a elementor-widget elementor-widget-gallery\" data-id=\"77ba27a\" data-element_type=\"widget\" data-e-type=\"widget\" data-settings=\"{&quot;gallery_layout&quot;:&quot;masonry&quot;,&quot;columns&quot;:3,&quot;gap&quot;:{&quot;unit&quot;:&quot;px&quot;,&quot;size&quot;:5,&quot;sizes&quot;:[]},&quot;columns_tablet&quot;:2,&quot;columns_mobile&quot;:1,&quot;gap_tablet&quot;:{&quot;unit&quot;:&quot;px&quot;,&quot;size&quot;:10,&quot;sizes&quot;:[]},&quot;gap_mobile&quot;:{&quot;unit&quot;:&quot;px&quot;,&quot;size&quot;:10,&quot;sizes&quot;:[]},&quot;link_to&quot;:&quot;file&quot;,&quot;overlay_background&quot;:&quot;yes&quot;,&quot;content_hover_animation&quot;:&quot;fade-in&quot;}\" data-widget_type=\"gallery.default\">\n\t\t\t\t<div class=\"elementor-widget-container\">\n\t\t\t\t\t\t\t<div class=\"elementor-gallery__container\">\n\t\t\t\t\t\t\t<a class=\"e-gallery-item elementor-gallery-item elementor-animated-content\" href=\"https:\/\/www.lesateliersandcie.fr\/wp-content\/uploads\/2024\/09\/VALENTIN-6386-2.jpg\" data-elementor-open-lightbox=\"yes\" data-elementor-lightbox-slideshow=\"77ba27a\" data-elementor-lightbox-title=\"VALENTIN-6386-2\" data-e-action-hash=\"#elementor-action%3Aaction%3Dlightbox%26settings%3DeyJpZCI6OTAsInVybCI6Imh0dHBzOlwvXC93d3cubGVzYXRlbGllcnNhbmRjaWUuZnJcL3dwLWNvbnRlbnRcL3VwbG9hZHNcLzIwMjRcLzA5XC9WQUxFTlRJTi02Mzg2LTIuanBnIiwic2xpZGVzaG93IjoiNzdiYTI3YSJ9\">\n\t\t\t\t\t<div class=\"e-gallery-image elementor-gallery-item__image\" data-thumbnail=\"https:\/\/www.lesateliersandcie.fr\/wp-content\/uploads\/2024\/09\/VALENTIN-6386-2-300x200.jpg\" data-width=\"300\" data-height=\"200\" aria-label=\"\" role=\"img\" ><\/div>\n\t\t\t\t\t\t\t\t\t\t\t<div class=\"elementor-gallery-item__overlay\"><\/div>\n\t\t\t\t\t\t\t\t\t\t\t\t\t\t<\/a>\n\t\t\t\t\t\t\t<a class=\"e-gallery-item elementor-gallery-item elementor-animated-content\" href=\"https:\/\/www.lesateliersandcie.fr\/wp-content\/uploads\/2024\/09\/DSC5254-2.jpg\" data-elementor-open-lightbox=\"yes\" data-elementor-lightbox-slideshow=\"77ba27a\" data-elementor-lightbox-title=\"_DSC5254-2\" data-e-action-hash=\"#elementor-action%3Aaction%3Dlightbox%26settings%3DeyJpZCI6OTEsInVybCI6Imh0dHBzOlwvXC93d3cubGVzYXRlbGllcnNhbmRjaWUuZnJcL3dwLWNvbnRlbnRcL3VwbG9hZHNcLzIwMjRcLzA5XC9EU0M1MjU0LTIuanBnIiwic2xpZGVzaG93IjoiNzdiYTI3YSJ9\">\n\t\t\t\t\t<div class=\"e-gallery-image elementor-gallery-item__image\" data-thumbnail=\"https:\/\/www.lesateliersandcie.fr\/wp-content\/uploads\/2024\/09\/DSC5254-2-240x300.jpg\" data-width=\"240\" data-height=\"300\" aria-label=\"\" role=\"img\" ><\/div>\n\t\t\t\t\t\t\t\t\t\t\t<div class=\"elementor-gallery-item__overlay\"><\/div>\n\t\t\t\t\t\t\t\t\t\t\t\t\t\t<\/a>\n\t\t\t\t\t\t\t<a class=\"e-gallery-item elementor-gallery-item elementor-animated-content\" href=\"https:\/\/www.lesateliersandcie.fr\/wp-content\/uploads\/2024\/09\/LTL2454.jpg\" data-elementor-open-lightbox=\"yes\" data-elementor-lightbox-slideshow=\"77ba27a\" data-elementor-lightbox-title=\"_LTL2454\" data-e-action-hash=\"#elementor-action%3Aaction%3Dlightbox%26settings%3DeyJpZCI6OTIsInVybCI6Imh0dHBzOlwvXC93d3cubGVzYXRlbGllcnNhbmRjaWUuZnJcL3dwLWNvbnRlbnRcL3VwbG9hZHNcLzIwMjRcLzA5XC9MVEwyNDU0LmpwZyIsInNsaWRlc2hvdyI6Ijc3YmEyN2EifQ%3D%3D\">\n\t\t\t\t\t<div class=\"e-gallery-image elementor-gallery-item__image\" data-thumbnail=\"https:\/\/www.lesateliersandcie.fr\/wp-content\/uploads\/2024\/09\/LTL2454-300x200.jpg\" data-width=\"300\" data-height=\"200\" aria-label=\"\" role=\"img\" ><\/div>\n\t\t\t\t\t\t\t\t\t\t\t<div class=\"elementor-gallery-item__overlay\"><\/div>\n\t\t\t\t\t\t\t\t\t\t\t\t\t\t<\/a>\n\t\t\t\t\t\t\t<a class=\"e-gallery-item elementor-gallery-item elementor-animated-content\" href=\"https:\/\/www.lesateliersandcie.fr\/wp-content\/uploads\/2024\/09\/LTL2628.jpg\" data-elementor-open-lightbox=\"yes\" data-elementor-lightbox-slideshow=\"77ba27a\" data-elementor-lightbox-title=\"_LTL2628\" data-e-action-hash=\"#elementor-action%3Aaction%3Dlightbox%26settings%3DeyJpZCI6OTMsInVybCI6Imh0dHBzOlwvXC93d3cubGVzYXRlbGllcnNhbmRjaWUuZnJcL3dwLWNvbnRlbnRcL3VwbG9hZHNcLzIwMjRcLzA5XC9MVEwyNjI4LmpwZyIsInNsaWRlc2hvdyI6Ijc3YmEyN2EifQ%3D%3D\">\n\t\t\t\t\t<div class=\"e-gallery-image elementor-gallery-item__image\" data-thumbnail=\"https:\/\/www.lesateliersandcie.fr\/wp-content\/uploads\/2024\/09\/LTL2628-300x225.jpg\" data-width=\"300\" data-height=\"225\" aria-label=\"\" role=\"img\" ><\/div>\n\t\t\t\t\t\t\t\t\t\t\t<div class=\"elementor-gallery-item__overlay\"><\/div>\n\t\t\t\t\t\t\t\t\t\t\t\t\t\t<\/a>\n\t\t\t\t\t\t\t<a class=\"e-gallery-item elementor-gallery-item elementor-animated-content\" href=\"https:\/\/www.lesateliersandcie.fr\/wp-content\/uploads\/2024\/09\/LTL6544.jpg\" data-elementor-open-lightbox=\"yes\" data-elementor-lightbox-slideshow=\"77ba27a\" data-elementor-lightbox-title=\"_LTL6544\" data-e-action-hash=\"#elementor-action%3Aaction%3Dlightbox%26settings%3DeyJpZCI6OTQsInVybCI6Imh0dHBzOlwvXC93d3cubGVzYXRlbGllcnNhbmRjaWUuZnJcL3dwLWNvbnRlbnRcL3VwbG9hZHNcLzIwMjRcLzA5XC9MVEw2NTQ0LmpwZyIsInNsaWRlc2hvdyI6Ijc3YmEyN2EifQ%3D%3D\">\n\t\t\t\t\t<div class=\"e-gallery-image elementor-gallery-item__image\" data-thumbnail=\"https:\/\/www.lesateliersandcie.fr\/wp-content\/uploads\/2024\/09\/LTL6544-300x300.jpg\" data-width=\"300\" data-height=\"300\" aria-label=\"\" role=\"img\" ><\/div>\n\t\t\t\t\t\t\t\t\t\t\t<div class=\"elementor-gallery-item__overlay\"><\/div>\n\t\t\t\t\t\t\t\t\t\t\t\t\t\t<\/a>\n\t\t\t\t\t\t\t<a class=\"e-gallery-item elementor-gallery-item elementor-animated-content\" href=\"https:\/\/www.lesateliersandcie.fr\/wp-content\/uploads\/2024\/09\/LTL0892.jpg\" data-elementor-open-lightbox=\"yes\" data-elementor-lightbox-slideshow=\"77ba27a\" data-elementor-lightbox-title=\"_LTL0892\" data-e-action-hash=\"#elementor-action%3Aaction%3Dlightbox%26settings%3DeyJpZCI6OTUsInVybCI6Imh0dHBzOlwvXC93d3cubGVzYXRlbGllcnNhbmRjaWUuZnJcL3dwLWNvbnRlbnRcL3VwbG9hZHNcLzIwMjRcLzA5XC9MVEwwODkyLmpwZyIsInNsaWRlc2hvdyI6Ijc3YmEyN2EifQ%3D%3D\">\n\t\t\t\t\t<div class=\"e-gallery-image elementor-gallery-item__image\" data-thumbnail=\"https:\/\/www.lesateliersandcie.fr\/wp-content\/uploads\/2024\/09\/LTL0892-300x200.jpg\" data-width=\"300\" data-height=\"200\" aria-label=\"\" role=\"img\" ><\/div>\n\t\t\t\t\t\t\t\t\t\t\t<div class=\"elementor-gallery-item__overlay\"><\/div>\n\t\t\t\t\t\t\t\t\t\t\t\t\t\t<\/a>\n\t\t\t\t\t\t\t<a class=\"e-gallery-item elementor-gallery-item elementor-animated-content\" href=\"https:\/\/www.lesateliersandcie.fr\/wp-content\/uploads\/2024\/09\/LTL7326.jpg\" data-elementor-open-lightbox=\"yes\" data-elementor-lightbox-slideshow=\"77ba27a\" data-elementor-lightbox-title=\"_LTL7326\" data-e-action-hash=\"#elementor-action%3Aaction%3Dlightbox%26settings%3DeyJpZCI6OTYsInVybCI6Imh0dHBzOlwvXC93d3cubGVzYXRlbGllcnNhbmRjaWUuZnJcL3dwLWNvbnRlbnRcL3VwbG9hZHNcLzIwMjRcLzA5XC9MVEw3MzI2LmpwZyIsInNsaWRlc2hvdyI6Ijc3YmEyN2EifQ%3D%3D\">\n\t\t\t\t\t<div class=\"e-gallery-image elementor-gallery-item__image\" data-thumbnail=\"https:\/\/www.lesateliersandcie.fr\/wp-content\/uploads\/2024\/09\/LTL7326-240x300.jpg\" data-width=\"240\" data-height=\"300\" aria-label=\"\" role=\"img\" ><\/div>\n\t\t\t\t\t\t\t\t\t\t\t<div class=\"elementor-gallery-item__overlay\"><\/div>\n\t\t\t\t\t\t\t\t\t\t\t\t\t\t<\/a>\n\t\t\t\t\t\t\t<a class=\"e-gallery-item elementor-gallery-item elementor-animated-content\" href=\"https:\/\/www.lesateliersandcie.fr\/wp-content\/uploads\/2024\/09\/ANTHONY-6039.jpg\" data-elementor-open-lightbox=\"yes\" data-elementor-lightbox-slideshow=\"77ba27a\" data-elementor-lightbox-title=\"ANTHONY-6039\" data-e-action-hash=\"#elementor-action%3Aaction%3Dlightbox%26settings%3DeyJpZCI6OTcsInVybCI6Imh0dHBzOlwvXC93d3cubGVzYXRlbGllcnNhbmRjaWUuZnJcL3dwLWNvbnRlbnRcL3VwbG9hZHNcLzIwMjRcLzA5XC9BTlRIT05ZLTYwMzkuanBnIiwic2xpZGVzaG93IjoiNzdiYTI3YSJ9\">\n\t\t\t\t\t<div class=\"e-gallery-image elementor-gallery-item__image\" data-thumbnail=\"https:\/\/www.lesateliersandcie.fr\/wp-content\/uploads\/2024\/09\/ANTHONY-6039-300x200.jpg\" data-width=\"300\" data-height=\"200\" aria-label=\"\" role=\"img\" ><\/div>\n\t\t\t\t\t\t\t\t\t\t\t<div class=\"elementor-gallery-item__overlay\"><\/div>\n\t\t\t\t\t\t\t\t\t\t\t\t\t\t<\/a>\n\t\t\t\t\t<\/div>\n\t\t\t\t\t<\/div>\n\t\t\t\t<\/div>\n\t\t\t\t<\/div>\n\t\t<div class=\"elementor-element elementor-element-2186e4b e-flex e-con-boxed e-con e-parent\" data-id=\"2186e4b\" data-element_type=\"container\" data-e-type=\"container\">\n\t\t\t\t\t<div class=\"e-con-inner\">\n\t\t\t\t<div class=\"elementor-element elementor-element-08875a1 elementor-widget elementor-widget-google_maps\" data-id=\"08875a1\" data-element_type=\"widget\" data-e-type=\"widget\" data-widget_type=\"google_maps.default\">\n\t\t\t\t<div class=\"elementor-widget-container\">\n\t\t\t\t\t\t\t<div class=\"elementor-custom-embed\">\n\t\t\t<iframe loading=\"lazy\"\n\t\t\t\t\tsrc=\"https:\/\/maps.google.com\/maps?q=l%27atelier%20des%20photographes%2C%20159%20ROUTE%20DE%20LYON%2069380&#038;t=m&#038;z=13&#038;output=embed&#038;iwloc=near\"\n\t\t\t\t\ttitle=\"l&#039;atelier des photographes, 159 ROUTE DE LYON 69380\"\n\t\t\t\t\taria-label=\"l&#039;atelier des photographes, 159 ROUTE DE LYON 69380\"\n\t\t\t><\/iframe>\n\t\t<\/div>\n\t\t\t\t\t\t<\/div>\n\t\t\t\t<\/div>\n\t\t\t\t\t<\/div>\n\t\t\t\t<\/div>\n\t\t\t\t<\/div>\n\t\t","protected":false},"excerpt":{"rendered":"<p>Fran\u00e7ois, photographe dot\u00e9 d\u2019une exp\u00e9rience de plus d\u2019une quinzaine d\u2019ann\u00e9es vous accompagne sur vos \u00e9v\u00e9nements mariage, s\u00e9ance photo en famille.\u00a0 Calme, discret, cr\u00e9atif et attentif aux moindres d\u00e9tails, il sait immortaliser vos instants de vie, de joie et d\u2019\u00e9motion qui resteront \u00e0 jamais couch\u00e9s sur le papier.\u00a0 Sp\u00e9cialis\u00e9s dans la photographie de mariage et de studio, ma force est ma volont\u00e9 de\u00a0restituer des photos naturelles. Pas de photos pos\u00e9es! Laissez vous porter par le moment et je saurais capturer ces instants. Mariage Studio<\/p>\n","protected":false},"author":1,"featured_media":0,"parent":0,"menu_order":0,"comment_status":"closed","ping_status":"closed","template":"","meta":{"footnotes":""},"class_list":["post-39","page","type-page","status-publish","hentry"],"_links":{"self":[{"href":"https:\/\/www.lesateliersandcie.fr\/index.php\/wp-json\/wp\/v2\/pages\/39","targetHints":{"allow":["GET"]}}],"collection":[{"href":"https:\/\/www.lesateliersandcie.fr\/index.php\/wp-json\/wp\/v2\/pages"}],"about":[{"href":"https:\/\/www.lesateliersandcie.fr\/index.php\/wp-json\/wp\/v2\/types\/page"}],"author":[{"embeddable":true,"href":"https:\/\/www.lesateliersandcie.fr\/index.php\/wp-json\/wp\/v2\/users\/1"}],"replies":[{"embeddable":true,"href":"https:\/\/www.lesateliersandcie.fr\/index.php\/wp-json\/wp\/v2\/comments?post=39"}],"version-history":[{"count":11,"href":"https:\/\/www.lesateliersandcie.fr\/index.php\/wp-json\/wp\/v2\/pages\/39\/revisions"}],"predecessor-version":[{"id":184,"href":"https:\/\/www.lesateliersandcie.fr\/index.php\/wp-json\/wp\/v2\/pages\/39\/revisions\/184"}],"wp:attachment":[{"href":"https:\/\/www.lesateliersandcie.fr\/index.php\/wp-json\/wp\/v2\/media?parent=39"}],"curies":[{"name":"wp","href":"https:\/\/api.w.org\/{rel}","templated":true}]}}